1066 is divided by 62.
12
Calculate the remainder when 818 is divided by 801.
17
Calculate the remainder when 236 is divided by 48.
44
What is the remainder when 208 is divided by 81?
46
What is the remainder when 388 is divided by 101?
85
What is the remainder when 199 is divided by 64?
7
Calculate the remainder when 814 is divided by 136.
134
Calculate the remainder when 21 is divided by 3.
0
Calculate the remainder when 3899 is divided by 46.
35
What is the remainder when 4231 is divided by 23?
22
Calculate the remainder when 48 is divided by 17.
14
Calculate the remainder when 53 is divided by 35.
18
What is the remainder when 11534 is divided by 17?
8
What is the remainder when 15 is divided by 8?
7
Calculate the remainder when 260 is divided by 122.
16
Calculate the remainder when 2170 is divided by 35.
0
What is the remainder when 21335 is divided by 58?
49
What is the remainder when 1384 is divided by 63?
61
Calculate the remainder when 7166 is divided by 101.
96
Calculate the remainder when 139 is divided by 5.
4
Calculate the remainder when 112 is divided by 30.
22
What is the remainder when 463 is divided by 47?
40
Calculate the remainder when 448 is divided by 115.
103
What is the remainder when 292 is divided by 63?
40
What is the remainder when 950 is divided by 106?
102
What is the remainder when 282 is divided by 113?
56
What is the remainder when 3955 is divided by 438?
13
What is the remainder when 1741 is divided by 24?
13
Calculate the remainder when 67384 is divided by 11.
9
Calculate the remainder when 263 is divided by 3.
2
What is the remainder when 245 is divided by 19?
17
Calculate the remainder when 229 is divided by 227.
2
What is the remainder when 64 is divided by 3?
1
Calculate the remainder when 3014 is divided by 143.
11
What is the remainder when 589 is divided by 102?
79
Calculate the remainder when 594 is divided by 583.
11
Calculate the remainder when 19 is divided by 3.
1
Calculate the remainder when 110 is divided by 39.
32
What is the remainder when 139 is divided by 30?
19
Calculate the remainder when 540 is divided by 49.
1
What is the remainder when 783 is divided by 771?
12
Calculate the remainder when 38 is divided by 20.
18
Calculate the remainder when 669 is divided by 7.
4
Calculate the remainder when 2218 is divided by 74.
72
What is the remainder when 521 is divided by 131?
128
What is the remainder when 545 is divided by 274?
271
What is the remainder when 173 is divided by 29?
28
What is the remainder when 1078 is divided by 23?
20
What is the remainder when 302 is divided by 80?
62
Calculate the remainder when 18 is divided by 2.
0
What is the remainder when 327 is divided by 7?
5
What is the remainder when 171 is divided by 54?
9
Calculate the remainder when 643 is divided by 207.
22
What is the remainder when 1648 is divided by 75?
73
Calculate the remainder when 59 is divided by 30.
29
What is the remainder when 81 is divided by 17?
13
What is the remainder when 4142 is divided by 180?
2
What is the remainder when 712 is divided by 117?
10
What is the remainder when 48 is divided by 30?
18
What is the remainder when 447 is divided by 255?
192
What is the remainder when 10262 is divided by 33?
32
What is the remainder when 1039 is divided by 258?
7
What is the remainder when 78 is divided by 68?
10
Calculate the remainder when 156 is divided by 56.
44
What is the remainder when 406 is divided by 342?
64
What is the remainder when 584 is divided by 44?
12
Calculate the remainder when 1077 is divided by 19.
13
What is the remainder when 4951 is divided by 26?
11
Calculate the remainder when 271 is divided by 34.
33
Calculate the remainder when 221 is divided by 82.
57
Calculate the remainder when 1535 is divided by 32.
31
Calculate the remainder when 108 is divided by 24.
12
What is the remainder when 478 is divided by 297?
181
Calculate the remainder when 2010 is divided by 88.
74
Calculate the remainder when 854 is divided by 4.
2
What is the remainder when 61 is divided by 23?
15
Calculate the remainder when 119 is divided by 70.
49
What is the remainder when 1247 is divided by 48?
47
Calculate the remainder when 4793 is divided by 32.
25
What is the remainder when 334 is divided by 12?
10
Calculate the remainder when 252 is divided by 11.
10
What is the remainder when 969 is divided by 167?
134
Calculate the remainder when 303 is divided by 61.
59
What is the remainder when 5240 is divided by 72?
56
What is the remainder when 227 is divided by 64?
35
What is the remainder when 1315 is divided by 49?
41
What is the remainder when 275 is divided by 70?
65
What is the remainder when 261 is divided by 139?
122
What is the remainder when 145 is divided by 62?
21
Calculate the remainder when 69 is divided by 18.
15
What is the remainder when 642 is divided by 18?
12
Calculate the remainder when 347 is divided by 174.
173
What is the remainder when 115 is divided by 55?
5
Calculate the remainder when 1353 is divided by 194.
189
Calculate the remainder when 92 is divided by 32.
28
Calculate the remainder when 539 is divided by 30.
29
Calculate the remainder when 212 is divided by 54.
50
Calculate the remainder when 297 is divided by 30.
27
What is the remainder when 201 is divided by 36?
21
Calculate the remainder when 92 is divided by 55.
37
Calculate the remainder when 121 is divided by 57.
7
Calculate the remainder when 294 is divided by 55.
19
What is the remainder when 95 is divided by 14?
11
What is the remainder when 60 is divided by 41?
19
Calculate the remainder when 5 is divided by 2.
1
Calculate the remainder when 2289 is divided by 1140.
9
Calculate the remainder when 161 is divided by 95.
66
Calculate the remainder when 604 is divided by 101.
99
What is the remainder when 857 is divided by 190?
97
Calculate the remainder when 115 is divided by 39.
37
Calculate the remainder when 97 is divided by 21.
13
Calculate the remainder when 95 is divided by 33.
29
What is the remainder when 223 is divided by 89?
45
What is the remainder when 549 is divided by 19?
17
Calculate the remainder when 3186 is divided by 30.
6
Calculate the remainder when 32 is divided by 17.
15
Calculate the remainder when 1781 is divided by 7.
3
Calculate the remainder when 602 is divided by 76.
70
Calculate the remainder when 28539 is divided by 426.
423
Calculate the remainder when 46 is divided by 8.
6
Calculate the remainder when 8285 is divided by 32.
29
Calculate the remainder when 7973 is divided by 60.
53
What is the remainder when 1504 is divided by 36?
28
What is the remainder when 290 is divided by 94?
8
Calculate the remainder when 185 is divided by 19.
14
What is the remainder when 2125 is divided by 3?
1
What is the remainder when 674 is divided by 27?
26
Calculate the remainder when 163 is divided by 26.
7
What is the remainder when 206 is divided by 31?
20
Calculate the remainder when 120 is divided by 45.
30
Calculate the remainder when 375 is divided by 52.
11
Calculate the remainder when 30995 is divided by 42.
41
What is the remainder when 4679 is divided by 117?
116
Calculate the remainder when 122537 is divided by 22.
19
What is the remainder when 26623 is divided by 15?
13
What is the remainder when 1624 is divided by 78?
64
What is the remainder when 466 is divided by 18?
16
Calculate the remainder when 309 is divided by 39.
36
What is the remainder when 2974 is divided by 40?
14
Calculate the remainder when 679 is divided by 170.
169
Calculate the remainder when 1264 is divided by 632.
0
Calculate the remainder when 201 is divided by 57.
30
What is the remainder when 473 is divided by 110?
33
Calculate the remainder when 577 is divided by 10.
7
What is the remainder when 271 is divided by 76?
43
Calculate the remainder when 277 is divided by 147.
130
Calculate the remainder when 3004 is divided by 18.
16
Calculate the remainder when 288 is divided by 37.
29
Calculate the remainder when 110 is divided by 89.
21
What is the remainder when 112 is divided by 31?
19
What is the remainder when 634 is divided by 29?
25
What is the remainder when 80 is divided by 42?
38
What is the remainder when 184 is divided by 21?
16
What is the remainder when 1518 is divided by 76?
74
What is the remainde